[INFO] cloning repository https://github.com/PewPewPewcoding/rengi-torvus
[INFO] running `Command { std: "git" "-c" "credential.helper=" "-c" "credential.helper=/workspace/cargo-home/bin/git-credential-null" "clone" "--bare" "https://github.com/PewPewPewcoding/rengi-torvus" "/workspace/cache/git-repos/https%3A%2F%2Fgithub.com%2FPewPewPewcoding%2Frengi-torvus", kill_on_drop: false }`
[INFO] [stderr] Cloning into bare repository '/workspace/cache/git-repos/https%3A%2F%2Fgithub.com%2FPewPewPewcoding%2Frengi-torvus'...
[INFO] running `Command { std: "git" "rev-parse" "HEAD", kill_on_drop: false }`
[INFO] [stdout] 9a9692e8afc57167bf2f2d6745aa62ccefd52947
[INFO] checking PewPewPewcoding/rengi-torvus against master#9610dfe5a9a731ced1ea4923ecbd0c57fe367898 for beta-170-4
[INFO] running `Command { std: "git" "clone" "/workspace/cache/git-repos/https%3A%2F%2Fgithub.com%2FPewPewPewcoding%2Frengi-torvus" "/workspace/builds/worker-3-tc1/source", kill_on_drop: false }`
[INFO] [stderr] Cloning into '/workspace/builds/worker-3-tc1/source'...
[INFO] [stderr] done.
[INFO] validating manifest of git repo https://github.com/PewPewPewcoding/rengi-torvus on toolchain 9610dfe5a9a731ced1ea4923ecbd0c57fe367898
[INFO] running `Command { std: CARGO_HOME="/workspace/cargo-home" RUSTUP_HOME="/workspace/rustup-home" "/workspace/cargo-home/bin/cargo" "+9610dfe5a9a731ced1ea4923ecbd0c57fe367898" "metadata" "--manifest-path" "Cargo.toml" "--no-deps", kill_on_drop: false }`
[INFO] started tweaking git repo https://github.com/PewPewPewcoding/rengi-torvus
[INFO] finished tweaking git repo https://github.com/PewPewPewcoding/rengi-torvus
[INFO] tweaked toml for git repo https://github.com/PewPewPewcoding/rengi-torvus written to /workspace/builds/worker-3-tc1/source/Cargo.toml
[INFO] crate git repo https://github.com/PewPewPewcoding/rengi-torvus already has a lockfile, it will not be regenerated
[INFO] running `Command { std: CARGO_HOME="/workspace/cargo-home" RUSTUP_HOME="/workspace/rustup-home" "/workspace/cargo-home/bin/cargo" "+9610dfe5a9a731ced1ea4923ecbd0c57fe367898" "fetch" "--manifest-path" "Cargo.toml", kill_on_drop: false }`
[INFO] [stderr]     Updating git repository `https://gitlab.com/veloren/veloren`
[INFO] [stderr]     Updating crates.io index
[INFO] [stderr]     Updating git repository `https://gitlab.com/veloren/sphynx.git`
[INFO] [stderr]  Downloading crates ...
[INFO] [stderr]   Downloaded specs v0.14.3
[INFO] [stderr]   Downloaded nonzero_signed v1.0.3
[INFO] [stderr]   Downloaded hibitset v0.5.4
[INFO] [stderr]   Downloaded lz4-compress v0.1.1
[INFO] [stderr]   Downloaded shred-derive v0.5.1
[INFO] [stderr]   Downloaded shred v0.7.2
[INFO] [stderr]   Downloaded tuple_utils v0.2.0
[INFO] [stderr]   Downloaded sum_type v0.1.1
[INFO] [stderr]   Downloaded dot_vox v4.0.0
[INFO] [stderr]   Downloaded vek v0.9.7
[INFO] running `Command { std: "docker" "create" "-v" "/var/lib/crater-agent-workspace/builds/worker-3-tc1/target:/opt/rustwide/target:rw,Z" "-v" "/var/lib/crater-agent-workspace/builds/worker-3-tc1/source:/opt/rustwide/workdir:ro,Z" "-v" "/var/lib/crater-agent-workspace/cargo-home:/opt/rustwide/cargo-home:ro,Z" "-v" "/var/lib/crater-agent-workspace/rustup-home:/opt/rustwide/rustup-home:ro,Z" "-e" "SOURCE_DIR=/opt/rustwide/workdir" "-e" "CARGO_TARGET_DIR=/opt/rustwide/target" "-e" "CARGO_HOME=/opt/rustwide/cargo-home" "-e" "RUSTUP_HOME=/opt/rustwide/rustup-home" "-w" "/opt/rustwide/workdir" "-m" "1610612736" "--user" "0:0" "--network" "none" "ghcr.io/rust-lang/crates-build-env/linux@sha256:19e73879b68f455e41552ea35293514db52ea292d993f571636dbffedb77a1ee" "/opt/rustwide/cargo-home/bin/cargo" "+9610dfe5a9a731ced1ea4923ecbd0c57fe367898" "metadata" "--no-deps" "--format-version=1", kill_on_drop: false }`
[INFO] [stdout] bcb495553330d90292a120c3dcee5bee9cb83e6a3104f6e049a1125823bdb9a1
[INFO] running `Command { std: "docker" "start" "-a" "bcb495553330d90292a120c3dcee5bee9cb83e6a3104f6e049a1125823bdb9a1", kill_on_drop: false }`
[INFO] running `Command { std: "docker" "inspect" "bcb495553330d90292a120c3dcee5bee9cb83e6a3104f6e049a1125823bdb9a1", kill_on_drop: false }`
[INFO] running `Command { std: "docker" "rm" "-f" "bcb495553330d90292a120c3dcee5bee9cb83e6a3104f6e049a1125823bdb9a1", kill_on_drop: false }`
[INFO] [stdout] bcb495553330d90292a120c3dcee5bee9cb83e6a3104f6e049a1125823bdb9a1
[INFO] running `Command { std: "docker" "create" "-v" "/var/lib/crater-agent-workspace/builds/worker-3-tc1/target:/opt/rustwide/target:rw,Z" "-v" "/var/lib/crater-agent-workspace/builds/worker-3-tc1/source:/opt/rustwide/workdir:ro,Z" "-v" "/var/lib/crater-agent-workspace/cargo-home:/opt/rustwide/cargo-home:ro,Z" "-v" "/var/lib/crater-agent-workspace/rustup-home:/opt/rustwide/rustup-home:ro,Z" "-e" "SOURCE_DIR=/opt/rustwide/workdir" "-e" "CARGO_TARGET_DIR=/opt/rustwide/target" "-e" "CARGO_INCREMENTAL=0" "-e" "RUST_BACKTRACE=full" "-e" "RUSTFLAGS=--cap-lints=forbid" "-e" "RUSTDOCFLAGS=--cap-lints=forbid" "-e" "CARGO_HOME=/opt/rustwide/cargo-home" "-e" "RUSTUP_HOME=/opt/rustwide/rustup-home" "-w" "/opt/rustwide/workdir" "-m" "1610612736" "--user" "0:0" "--network" "none" "ghcr.io/rust-lang/crates-build-env/linux@sha256:19e73879b68f455e41552ea35293514db52ea292d993f571636dbffedb77a1ee" "/opt/rustwide/cargo-home/bin/cargo" "+9610dfe5a9a731ced1ea4923ecbd0c57fe367898" "check" "--frozen" "--all" "--all-targets" "--message-format=json", kill_on_drop: false }`
[INFO] [stdout] fb8bcc5ce887fe363257c08cc8c9b4bdccb5093dcc0ecaadd2777634f1d6a8a2
[INFO] running `Command { std: "docker" "start" "-a" "fb8bcc5ce887fe363257c08cc8c9b4bdccb5093dcc0ecaadd2777634f1d6a8a2", kill_on_drop: false }`
[INFO] [stderr]    Compiling autocfg v0.1.4
[INFO] [stderr]    Compiling libc v0.2.58
[INFO] [stderr]     Checking cfg-if v0.1.9
[INFO] [stderr]     Checking lazy_static v1.3.0
[INFO] [stderr]     Checking scopeguard v0.3.3
[INFO] [stderr]    Compiling arrayvec v0.4.10
[INFO] [stderr]     Checking nodrop v0.1.13
[INFO] [stderr]    Compiling proc-macro2 v0.4.30
[INFO] [stderr]     Checking rand_core v0.4.0
[INFO] [stderr]     Checking memoffset v0.2.1
[INFO] [stderr]    Compiling unicode-xid v0.1.0
[INFO] [stderr]    Compiling syn v0.15.39
[INFO] [stderr]    Compiling byteorder v1.3.2
[INFO] [stderr]    Compiling semver-parser v0.7.0
[INFO] [stderr]    Compiling rayon-core v1.5.0
[INFO] [stderr]     Checking either v1.5.2
[INFO] [stderr]    Compiling serde v1.0.94
[INFO] [stderr]     Checking stable_deref_trait v1.1.1
[INFO] [stderr]     Checking smallvec v0.6.10
[INFO] [stderr]     Checking crossbeam-utils v0.6.5
[INFO] [stderr]     Checking crossbeam-utils v0.5.0
[INFO] [stderr]     Checking log v0.4.6
[INFO] [stderr]     Checking owning_ref v0.4.0
[INFO] [stderr]    Compiling num-derive v0.2.5
[INFO] [stderr]    Compiling bitflags v1.1.0
[INFO] [stderr]     Checking rand_core v0.3.1
[INFO] [stderr]    Compiling semver v0.9.0
[INFO] [stderr]     Checking adler32 v1.0.3
[INFO] [stderr]     Checking lock_api v0.1.5
[INFO] [stderr]    Compiling version_check v0.1.5
[INFO] [stderr]    Compiling nonzero_signed v1.0.3
[INFO] [stderr]    Compiling memchr v2.2.0
[INFO] [stderr]     Checking crossbeam-queue v0.1.2
[INFO] [stderr]    Compiling num-traits v0.2.8
[INFO] [stderr]    Compiling rustc_version v0.2.3
[INFO] [stderr]    Compiling num-integer v0.1.41
[INFO] [stderr]    Compiling num-iter v0.1.39
[INFO] [stderr]    Compiling rand_pcg v0.1.2
[INFO] [stderr]    Compiling num-rational v0.2.2
[INFO] [stderr]    Compiling rand_chacha v0.1.1
[INFO] [stderr]     Checking lzw v0.10.0
[INFO] [stderr]    Compiling nom v4.2.3
[INFO] [stderr]     Checking mopa v0.2.2
[INFO] [stderr]    Compiling parking_lot_core v0.3.1
[INFO] [stderr]    Compiling ryu v1.0.0
[INFO] [stderr]     Checking atom v0.3.5
[INFO] [stderr]     Checking crossbeam-epoch v0.7.1
[INFO] [stderr]     Checking crossbeam-epoch v0.5.2
[INFO] [stderr]     Checking crossbeam-epoch v0.6.1
[INFO] [stderr]     Checking fxhash v0.2.1
[INFO] [stderr]     Checking deflate v0.7.20
[INFO] [stderr]    Compiling quote v0.6.12
[INFO] [stderr]    Compiling vek v0.9.7
[INFO] [stderr]    Compiling rand v0.6.5
[INFO] [stderr]    Compiling bincode v1.1.4
[INFO] [stderr]     Checking inflate v0.4.5
[INFO] [stderr]     Checking fnv v1.0.6
[INFO] [stderr]     Checking num_cpus v1.10.1
[INFO] [stderr]     Checking crossbeam-deque v0.6.3
[INFO] [stderr]     Checking rand v0.5.6
[INFO] [stderr]     Checking crossbeam-deque v0.5.2
[INFO] [stderr]     Checking iovec v0.1.2
[INFO] [stderr]     Checking net2 v0.2.33
[INFO] [stderr]     Checking slab v0.4.2
[INFO] [stderr]     Checking tuple_utils v0.2.0
[INFO] [stderr]     Checking shrev v1.1.1
[INFO] [stderr]     Checking color_quant v1.0.1
[INFO] [stderr]     Checking rand_os v0.1.3
[INFO] [stderr]     Checking rand_isaac v0.1.1
[INFO] [stderr]     Checking gif v0.10.2
[INFO] [stderr]     Checking mio v0.6.19
[INFO] [stderr]     Checking rand_hc v0.1.0
[INFO] [stderr]     Checking rand_xorshift v0.1.1
[INFO] [stderr]     Checking rand_jitter v0.1.4
[INFO] [stderr]     Checking quick-error v1.2.2
[INFO] [stderr]     Checking byteorder v0.5.3
[INFO] [stderr]     Checking sum_type v0.1.1
[INFO] [stderr]     Checking itoa v0.4.4
[INFO] [stderr]     Checking approx v0.1.1
[INFO] [stderr]     Checking lazycell v1.2.1
[INFO] [stderr]     Checking static_assertions v0.2.5
[INFO] [stderr]     Checking scoped_threadpool v0.1.9
[INFO] [stderr]     Checking threadpool v1.7.1
[INFO] [stderr]     Checking lz4-compress v0.1.1
[INFO] [stderr]     Checking rayon v1.1.0
[INFO] [stderr]     Checking num-traits v0.1.43
[INFO] [stderr]     Checking dot_vox v4.0.0
[INFO] [stderr]     Checking mio-extras v2.0.5
[INFO] [stderr]     Checking png v0.14.1
[INFO] [stderr]     Checking parking_lot v0.6.4
[INFO] [stderr]     Checking crossbeam-channel v0.2.6
[INFO] [stderr]     Checking crossbeam v0.4.1
[INFO] [stderr]     Checking hibitset v0.5.4
[INFO] [stderr]     Checking shred v0.7.2
[INFO] [stderr]     Checking jpeg-decoder v0.1.15
[INFO] [stderr]    Compiling serde_derive v1.0.94
[INFO] [stderr]    Compiling shred-derive v0.5.1
[INFO] [stderr]    Compiling derivative v1.0.2
[INFO] [stderr]     Checking tiff v0.2.2
[INFO] [stderr]     Checking image v0.21.2
[INFO] [stderr]     Checking specs v0.14.3
[INFO] [stderr]     Checking serde_json v1.0.40
[INFO] [stderr]     Checking sphynx v0.1.0 (https://gitlab.com/veloren/sphynx.git#7886c5df)
[INFO] [stdout] error[E0502]: cannot borrow `rows` as immutable because it is also borrowed as mutable
[INFO] [stdout]     --> /opt/rustwide/cargo-home/registry/src/index.crates.io-6f17d22bba15001f/vek-0.9.7/src/mat.rs:1897:31
[INFO] [stdout]      |
[INFO] [stdout] 1897 |                 rows[3][0] += rows[0].dot(t);
[INFO] [stdout]      |                 --------------^^^^----------
[INFO] [stdout]      |                 |             |
[INFO] [stdout]      |                 |             immutable borrow occurs here
[INFO] [stdout]      |                 mutable borrow occurs here
[INFO] [stdout]      |                 mutable borrow later used here
[INFO] [stdout] ...
[INFO] [stdout] 3952 |     mat_declare_modules!{}
[INFO] [stdout]      |     ---------------------- in this macro invocation
[INFO] [stdout]      |
[INFO] [stdout] help: try adding a local storing this...
[INFO] [stdout]     --> /opt/rustwide/cargo-home/registry/src/index.crates.io-6f17d22bba15001f/vek-0.9.7/src/mat.rs:1897:31
[INFO] [stdout]      |
[INFO] [stdout] 1897 |                 rows[3][0] += rows[0].dot(t);
[INFO] [stdout]      |                               ^^^^
[INFO] [stdout] ...
[INFO] [stdout] 3952 |     mat_declare_modules!{}
[INFO] [stdout]      |     ---------------------- in this macro invocation
[INFO] [stdout] help: ...and then using that local here
[INFO] [stdout]     --> /opt/rustwide/cargo-home/registry/src/index.crates.io-6f17d22bba15001f/vek-0.9.7/src/mat.rs:1897:17
[INFO] [stdout]      |
[INFO] [stdout] 1897 |                 rows[3][0] += rows[0].dot(t);
[INFO] [stdout]      |                 ^^^^^^^^^^^^^^^^^^^^^^^^^^^^
[INFO] [stdout] ...
[INFO] [stdout] 3952 |     mat_declare_modules!{}
[INFO] [stdout]      |     ---------------------- in this macro invocation
[INFO] [stdout]      = note: this error originates in the macro `mat_impl_mat4` which comes from the expansion of the macro `mat_declare_modules` (in Nightly builds, run with -Z macro-backtrace for more info)
[INFO] [stdout] 
[INFO] [stdout] 
[INFO] [stdout] error[E0502]: cannot borrow `rows` as immutable because it is also borrowed as mutable
[INFO] [stdout]     --> /opt/rustwide/cargo-home/registry/src/index.crates.io-6f17d22bba15001f/vek-0.9.7/src/mat.rs:1898:31
[INFO] [stdout]      |
[INFO] [stdout] 1898 |                 rows[3][1] += rows[1].dot(t);
[INFO] [stdout]      |                 --------------^^^^----------
[INFO] [stdout]      |                 |             |
[INFO] [stdout]      |                 |             immutable borrow occurs here
[INFO] [stdout]      |                 mutable borrow occurs here
[INFO] [stdout]      |                 mutable borrow later used here
[INFO] [stdout] ...
[INFO] [stdout] 3952 |     mat_declare_modules!{}
[INFO] [stdout]      |     ---------------------- in this macro invocation
[INFO] [stdout]      |
[INFO] [stdout] help: try adding a local storing this...
[INFO] [stdout]     --> /opt/rustwide/cargo-home/registry/src/index.crates.io-6f17d22bba15001f/vek-0.9.7/src/mat.rs:1898:31
[INFO] [stdout]      |
[INFO] [stdout] 1898 |                 rows[3][1] += rows[1].dot(t);
[INFO] [stdout]      |                               ^^^^
[INFO] [stdout] ...
[INFO] [stdout] 3952 |     mat_declare_modules!{}
[INFO] [stdout]      |     ---------------------- in this macro invocation
[INFO] [stdout] help: ...and then using that local here
[INFO] [stdout]     --> /opt/rustwide/cargo-home/registry/src/index.crates.io-6f17d22bba15001f/vek-0.9.7/src/mat.rs:1898:17
[INFO] [stdout]      |
[INFO] [stdout] 1898 |                 rows[3][1] += rows[1].dot(t);
[INFO] [stdout]      |                 ^^^^^^^^^^^^^^^^^^^^^^^^^^^^
[INFO] [stdout] ...
[INFO] [stdout] 3952 |     mat_declare_modules!{}
[INFO] [stdout]      |     ---------------------- in this macro invocation
[INFO] [stdout]      = note: this error originates in the macro `mat_impl_mat4` which comes from the expansion of the macro `mat_declare_modules` (in Nightly builds, run with -Z macro-backtrace for more info)
[INFO] [stdout] 
[INFO] [stdout] 
[INFO] [stdout] error[E0502]: cannot borrow `rows` as immutable because it is also borrowed as mutable
[INFO] [stdout]     --> /opt/rustwide/cargo-home/registry/src/index.crates.io-6f17d22bba15001f/vek-0.9.7/src/mat.rs:1899:31
[INFO] [stdout]      |
[INFO] [stdout] 1899 |                 rows[3][2] += rows[2].dot(t);
[INFO] [stdout]      |                 --------------^^^^----------
[INFO] [stdout]      |                 |             |
[INFO] [stdout]      |                 |             immutable borrow occurs here
[INFO] [stdout]      |                 mutable borrow occurs here
[INFO] [stdout]      |                 mutable borrow later used here
[INFO] [stdout] ...
[INFO] [stdout] 3952 |     mat_declare_modules!{}
[INFO] [stdout]      |     ---------------------- in this macro invocation
[INFO] [stdout]      |
[INFO] [stdout] help: try adding a local storing this...
[INFO] [stdout]     --> /opt/rustwide/cargo-home/registry/src/index.crates.io-6f17d22bba15001f/vek-0.9.7/src/mat.rs:1899:31
[INFO] [stdout]      |
[INFO] [stdout] 1899 |                 rows[3][2] += rows[2].dot(t);
[INFO] [stdout]      |                               ^^^^
[INFO] [stdout] ...
[INFO] [stdout] 3952 |     mat_declare_modules!{}
[INFO] [stdout]      |     ---------------------- in this macro invocation
[INFO] [stdout] help: ...and then using that local here
[INFO] [stdout]     --> /opt/rustwide/cargo-home/registry/src/index.crates.io-6f17d22bba15001f/vek-0.9.7/src/mat.rs:1899:17
[INFO] [stdout]      |
[INFO] [stdout] 1899 |                 rows[3][2] += rows[2].dot(t);
[INFO] [stdout]      |                 ^^^^^^^^^^^^^^^^^^^^^^^^^^^^
[INFO] [stdout] ...
[INFO] [stdout] 3952 |     mat_declare_modules!{}
[INFO] [stdout]      |     ---------------------- in this macro invocation
[INFO] [stdout]      = note: this error originates in the macro `mat_impl_mat4` which comes from the expansion of the macro `mat_declare_modules` (in Nightly builds, run with -Z macro-backtrace for more info)
[INFO] [stdout] 
[INFO] [stdout] 
[INFO] [stdout] error[E0502]: cannot borrow `rows` as immutable because it is also borrowed as mutable
[INFO] [stdout]     --> /opt/rustwide/cargo-home/registry/src/index.crates.io-6f17d22bba15001f/vek-0.9.7/src/mat.rs:1900:31
[INFO] [stdout]      |
[INFO] [stdout] 1900 |                 rows[3][3] += rows[3].dot(t);
[INFO] [stdout]      |                 --------------^^^^----------
[INFO] [stdout]      |                 |             |
[INFO] [stdout]      |                 |             immutable borrow occurs here
[INFO] [stdout]      |                 mutable borrow occurs here
[INFO] [stdout]      |                 mutable borrow later used here
[INFO] [stdout] ...
[INFO] [stdout] 3952 |     mat_declare_modules!{}
[INFO] [stdout]      |     ---------------------- in this macro invocation
[INFO] [stdout]      |
[INFO] [stdout] help: try adding a local storing this...
[INFO] [stdout]     --> /opt/rustwide/cargo-home/registry/src/index.crates.io-6f17d22bba15001f/vek-0.9.7/src/mat.rs:1900:31
[INFO] [stdout]      |
[INFO] [stdout] 1900 |                 rows[3][3] += rows[3].dot(t);
[INFO] [stdout]      |                               ^^^^
[INFO] [stdout] ...
[INFO] [stdout] 3952 |     mat_declare_modules!{}
[INFO] [stdout]      |     ---------------------- in this macro invocation
[INFO] [stdout] help: ...and then using that local here
[INFO] [stdout]     --> /opt/rustwide/cargo-home/registry/src/index.crates.io-6f17d22bba15001f/vek-0.9.7/src/mat.rs:1900:17
[INFO] [stdout]      |
[INFO] [stdout] 1900 |                 rows[3][3] += rows[3].dot(t);
[INFO] [stdout]      |                 ^^^^^^^^^^^^^^^^^^^^^^^^^^^^
[INFO] [stdout] ...
[INFO] [stdout] 3952 |     mat_declare_modules!{}
[INFO] [stdout]      |     ---------------------- in this macro invocation
[INFO] [stdout]      = note: this error originates in the macro `mat_impl_mat4` which comes from the expansion of the macro `mat_declare_modules` (in Nightly builds, run with -Z macro-backtrace for more info)
[INFO] [stdout] 
[INFO] [stdout] 
[INFO] [stdout] error[E0502]: cannot borrow `rows` as immutable because it is also borrowed as mutable
[INFO] [stdout]     --> /opt/rustwide/cargo-home/registry/src/index.crates.io-6f17d22bba15001f/vek-0.9.7/src/mat.rs:1897:31
[INFO] [stdout]      |
[INFO] [stdout] 1897 |                 rows[3][0] += rows[0].dot(t);
[INFO] [stdout]      |                 --------------^^^^----------
[INFO] [stdout]      |                 |             |
[INFO] [stdout]      |                 |             immutable borrow occurs here
[INFO] [stdout]      |                 mutable borrow occurs here
[INFO] [stdout]      |                 mutable borrow later used here
[INFO] [stdout] ...
[INFO] [stdout] 3952 |     mat_declare_modules!{}
[INFO] [stdout]      |     ---------------------- in this macro invocation
[INFO] [stdout]      |
[INFO] [stdout] help: try adding a local storing this...
[INFO] [stdout]     --> /opt/rustwide/cargo-home/registry/src/index.crates.io-6f17d22bba15001f/vek-0.9.7/src/mat.rs:1897:31
[INFO] [stdout]      |
[INFO] [stdout] 1897 |                 rows[3][0] += rows[0].dot(t);
[INFO] [stdout]      |                               ^^^^
[INFO] [stdout] ...
[INFO] [stdout] 3952 |     mat_declare_modules!{}
[INFO] [stdout]      |     ---------------------- in this macro invocation
[INFO] [stdout] help: ...and then using that local here
[INFO] [stdout]     --> /opt/rustwide/cargo-home/registry/src/index.crates.io-6f17d22bba15001f/vek-0.9.7/src/mat.rs:1897:17
[INFO] [stdout]      |
[INFO] [stdout] 1897 |                 rows[3][0] += rows[0].dot(t);
[INFO] [stdout]      |                 ^^^^^^^^^^^^^^^^^^^^^^^^^^^^
[INFO] [stdout] ...
[INFO] [stdout] 3952 |     mat_declare_modules!{}
[INFO] [stdout]      |     ---------------------- in this macro invocation
[INFO] [stdout]      = note: this error originates in the macro `mat_impl_mat4` which comes from the expansion of the macro `mat_declare_modules` (in Nightly builds, run with -Z macro-backtrace for more info)
[INFO] [stdout] 
[INFO] [stdout] 
[INFO] [stdout] error[E0502]: cannot borrow `rows` as immutable because it is also borrowed as mutable
[INFO] [stdout]     --> /opt/rustwide/cargo-home/registry/src/index.crates.io-6f17d22bba15001f/vek-0.9.7/src/mat.rs:1898:31
[INFO] [stdout]      |
[INFO] [stdout] 1898 |                 rows[3][1] += rows[1].dot(t);
[INFO] [stdout]      |                 --------------^^^^----------
[INFO] [stdout]      |                 |             |
[INFO] [stdout]      |                 |             immutable borrow occurs here
[INFO] [stdout]      |                 mutable borrow occurs here
[INFO] [stdout]      |                 mutable borrow later used here
[INFO] [stdout] ...
[INFO] [stdout] 3952 |     mat_declare_modules!{}
[INFO] [stdout]      |     ---------------------- in this macro invocation
[INFO] [stdout]      |
[INFO] [stdout] help: try adding a local storing this...
[INFO] [stdout]     --> /opt/rustwide/cargo-home/registry/src/index.crates.io-6f17d22bba15001f/vek-0.9.7/src/mat.rs:1898:31
[INFO] [stdout]      |
[INFO] [stdout] 1898 |                 rows[3][1] += rows[1].dot(t);
[INFO] [stdout]      |                               ^^^^
[INFO] [stdout] ...
[INFO] [stdout] 3952 |     mat_declare_modules!{}
[INFO] [stdout]      |     ---------------------- in this macro invocation
[INFO] [stdout] help: ...and then using that local here
[INFO] [stdout]     --> /opt/rustwide/cargo-home/registry/src/index.crates.io-6f17d22bba15001f/vek-0.9.7/src/mat.rs:1898:17
[INFO] [stdout]      |
[INFO] [stdout] 1898 |                 rows[3][1] += rows[1].dot(t);
[INFO] [stdout]      |                 ^^^^^^^^^^^^^^^^^^^^^^^^^^^^
[INFO] [stdout] ...
[INFO] [stdout] 3952 |     mat_declare_modules!{}
[INFO] [stdout]      |     ---------------------- in this macro invocation
[INFO] [stdout]      = note: this error originates in the macro `mat_impl_mat4` which comes from the expansion of the macro `mat_declare_modules` (in Nightly builds, run with -Z macro-backtrace for more info)
[INFO] [stdout] 
[INFO] [stdout] 
[INFO] [stdout] error[E0502]: cannot borrow `rows` as immutable because it is also borrowed as mutable
[INFO] [stdout]     --> /opt/rustwide/cargo-home/registry/src/index.crates.io-6f17d22bba15001f/vek-0.9.7/src/mat.rs:1899:31
[INFO] [stdout]      |
[INFO] [stdout] 1899 |                 rows[3][2] += rows[2].dot(t);
[INFO] [stdout]      |                 --------------^^^^----------
[INFO] [stdout]      |                 |             |
[INFO] [stdout]      |                 |             immutable borrow occurs here
[INFO] [stdout]      |                 mutable borrow occurs here
[INFO] [stdout]      |                 mutable borrow later used here
[INFO] [stdout] ...
[INFO] [stdout] 3952 |     mat_declare_modules!{}
[INFO] [stdout]      |     ---------------------- in this macro invocation
[INFO] [stdout]      |
[INFO] [stdout] help: try adding a local storing this...
[INFO] [stdout]     --> /opt/rustwide/cargo-home/registry/src/index.crates.io-6f17d22bba15001f/vek-0.9.7/src/mat.rs:1899:31
[INFO] [stdout]      |
[INFO] [stdout] 1899 |                 rows[3][2] += rows[2].dot(t);
[INFO] [stdout]      |                               ^^^^
[INFO] [stdout] ...
[INFO] [stdout] 3952 |     mat_declare_modules!{}
[INFO] [stdout]      |     ---------------------- in this macro invocation
[INFO] [stdout] help: ...and then using that local here
[INFO] [stdout]     --> /opt/rustwide/cargo-home/registry/src/index.crates.io-6f17d22bba15001f/vek-0.9.7/src/mat.rs:1899:17
[INFO] [stdout]      |
[INFO] [stdout] 1899 |                 rows[3][2] += rows[2].dot(t);
[INFO] [stdout]      |                 ^^^^^^^^^^^^^^^^^^^^^^^^^^^^
[INFO] [stdout] ...
[INFO] [stdout] 3952 |     mat_declare_modules!{}
[INFO] [stdout]      |     ---------------------- in this macro invocation
[INFO] [stdout]      = note: this error originates in the macro `mat_impl_mat4` which comes from the expansion of the macro `mat_declare_modules` (in Nightly builds, run with -Z macro-backtrace for more info)
[INFO] [stdout] 
[INFO] [stdout] 
[INFO] [stdout] error[E0502]: cannot borrow `rows` as immutable because it is also borrowed as mutable
[INFO] [stdout]     --> /opt/rustwide/cargo-home/registry/src/index.crates.io-6f17d22bba15001f/vek-0.9.7/src/mat.rs:1900:31
[INFO] [stdout]      |
[INFO] [stdout] 1900 |                 rows[3][3] += rows[3].dot(t);
[INFO] [stdout]      |                 --------------^^^^----------
[INFO] [stdout]      |                 |             |
[INFO] [stdout]      |                 |             immutable borrow occurs here
[INFO] [stdout]      |                 mutable borrow occurs here
[INFO] [stdout]      |                 mutable borrow later used here
[INFO] [stdout] ...
[INFO] [stdout] 3952 |     mat_declare_modules!{}
[INFO] [stdout]      |     ---------------------- in this macro invocation
[INFO] [stdout]      |
[INFO] [stdout] help: try adding a local storing this...
[INFO] [stdout]     --> /opt/rustwide/cargo-home/registry/src/index.crates.io-6f17d22bba15001f/vek-0.9.7/src/mat.rs:1900:31
[INFO] [stdout]      |
[INFO] [stdout] 1900 |                 rows[3][3] += rows[3].dot(t);
[INFO] [stdout]      |                               ^^^^
[INFO] [stdout] ...
[INFO] [stdout] 3952 |     mat_declare_modules!{}
[INFO] [stdout]      |     ---------------------- in this macro invocation
[INFO] [stdout] help: ...and then using that local here
[INFO] [stdout]     --> /opt/rustwide/cargo-home/registry/src/index.crates.io-6f17d22bba15001f/vek-0.9.7/src/mat.rs:1900:17
[INFO] [stdout]      |
[INFO] [stdout] 1900 |                 rows[3][3] += rows[3].dot(t);
[INFO] [stdout]      |                 ^^^^^^^^^^^^^^^^^^^^^^^^^^^^
[INFO] [stdout] ...
[INFO] [stdout] 3952 |     mat_declare_modules!{}
[INFO] [stdout]      |     ---------------------- in this macro invocation
[INFO] [stdout]      = note: this error originates in the macro `mat_impl_mat4` which comes from the expansion of the macro `mat_declare_modules` (in Nightly builds, run with -Z macro-backtrace for more info)
[INFO] [stdout] 
[INFO] [stdout] 
[INFO] [stdout] error[E0502]: cannot borrow `rows` as immutable because it is also borrowed as mutable
[INFO] [stdout]     --> /opt/rustwide/cargo-home/registry/src/index.crates.io-6f17d22bba15001f/vek-0.9.7/src/mat.rs:1897:31
[INFO] [stdout]      |
[INFO] [stdout] 1897 |                 rows[3][0] += rows[0].dot(t);
[INFO] [stdout]      |                 --------------^^^^----------
[INFO] [stdout]      |                 |             |
[INFO] [stdout]      |                 |             immutable borrow occurs here
[INFO] [stdout]      |                 mutable borrow occurs here
[INFO] [stdout]      |                 mutable borrow later used here
[INFO] [stdout] ...
[INFO] [stdout] 3974 |     mat_declare_modules!{}
[INFO] [stdout]      |     ---------------------- in this macro invocation
[INFO] [stdout]      |
[INFO] [stdout] help: try adding a local storing this...
[INFO] [stdout]     --> /opt/rustwide/cargo-home/registry/src/index.crates.io-6f17d22bba15001f/vek-0.9.7/src/mat.rs:1897:31
[INFO] [stdout]      |
[INFO] [stdout] 1897 |                 rows[3][0] += rows[0].dot(t);
[INFO] [stdout]      |                               ^^^^
[INFO] [stdout] ...
[INFO] [stdout] 3974 |     mat_declare_modules!{}
[INFO] [stdout]      |     ---------------------- in this macro invocation
[INFO] [stdout] help: ...and then using that local here
[INFO] [stdout]     --> /opt/rustwide/cargo-home/registry/src/index.crates.io-6f17d22bba15001f/vek-0.9.7/src/mat.rs:1897:17
[INFO] [stdout]      |
[INFO] [stdout] 1897 |                 rows[3][0] += rows[0].dot(t);
[INFO] [stdout]      |                 ^^^^^^^^^^^^^^^^^^^^^^^^^^^^
[INFO] [stdout] ...
[INFO] [stdout] 3974 |     mat_declare_modules!{}
[INFO] [stdout]      |     ---------------------- in this macro invocation
[INFO] [stdout]      = note: this error originates in the macro `mat_impl_mat4` which comes from the expansion of the macro `mat_declare_modules` (in Nightly builds, run with -Z macro-backtrace for more info)
[INFO] [stdout] 
[INFO] [stdout] 
[INFO] [stdout] error[E0502]: cannot borrow `rows` as immutable because it is also borrowed as mutable
[INFO] [stdout]     --> /opt/rustwide/cargo-home/registry/src/index.crates.io-6f17d22bba15001f/vek-0.9.7/src/mat.rs:1898:31
[INFO] [stdout]      |
[INFO] [stdout] 1898 |                 rows[3][1] += rows[1].dot(t);
[INFO] [stdout]      |                 --------------^^^^----------
[INFO] [stdout]      |                 |             |
[INFO] [stdout]      |                 |             immutable borrow occurs here
[INFO] [stdout]      |                 mutable borrow occurs here
[INFO] [stdout]      |                 mutable borrow later used here
[INFO] [stdout] ...
[INFO] [stdout] 3974 |     mat_declare_modules!{}
[INFO] [stdout]      |     ---------------------- in this macro invocation
[INFO] [stdout]      |
[INFO] [stdout] help: try adding a local storing this...
[INFO] [stdout]     --> /opt/rustwide/cargo-home/registry/src/index.crates.io-6f17d22bba15001f/vek-0.9.7/src/mat.rs:1898:31
[INFO] [stdout]      |
[INFO] [stdout] 1898 |                 rows[3][1] += rows[1].dot(t);
[INFO] [stdout]      |                               ^^^^
[INFO] [stdout] ...
[INFO] [stdout] 3974 |     mat_declare_modules!{}
[INFO] [stdout]      |     ---------------------- in this macro invocation
[INFO] [stdout] help: ...and then using that local here
[INFO] [stdout]     --> /opt/rustwide/cargo-home/registry/src/index.crates.io-6f17d22bba15001f/vek-0.9.7/src/mat.rs:1898:17
[INFO] [stdout]      |
[INFO] [stdout] 1898 |                 rows[3][1] += rows[1].dot(t);
[INFO] [stdout]      |                 ^^^^^^^^^^^^^^^^^^^^^^^^^^^^
[INFO] [stdout] ...
[INFO] [stdout] 3974 |     mat_declare_modules!{}
[INFO] [stdout]      |     ---------------------- in this macro invocation
[INFO] [stdout]      = note: this error originates in the macro `mat_impl_mat4` which comes from the expansion of the macro `mat_declare_modules` (in Nightly builds, run with -Z macro-backtrace for more info)
[INFO] [stdout] 
[INFO] [stdout] 
[INFO] [stdout] error[E0502]: cannot borrow `rows` as immutable because it is also borrowed as mutable
[INFO] [stdout]     --> /opt/rustwide/cargo-home/registry/src/index.crates.io-6f17d22bba15001f/vek-0.9.7/src/mat.rs:1899:31
[INFO] [stdout]      |
[INFO] [stdout] 1899 |                 rows[3][2] += rows[2].dot(t);
[INFO] [stdout]      |                 --------------^^^^----------
[INFO] [stdout]      |                 |             |
[INFO] [stdout]      |                 |             immutable borrow occurs here
[INFO] [stdout]      |                 mutable borrow occurs here
[INFO] [stdout]      |                 mutable borrow later used here
[INFO] [stdout] ...
[INFO] [stdout] 3974 |     mat_declare_modules!{}
[INFO] [stdout]      |     ---------------------- in this macro invocation
[INFO] [stdout]      |
[INFO] [stdout] help: try adding a local storing this...
[INFO] [stdout]     --> /opt/rustwide/cargo-home/registry/src/index.crates.io-6f17d22bba15001f/vek-0.9.7/src/mat.rs:1899:31
[INFO] [stdout]      |
[INFO] [stdout] 1899 |                 rows[3][2] += rows[2].dot(t);
[INFO] [stdout]      |                               ^^^^
[INFO] [stdout] ...
[INFO] [stdout] 3974 |     mat_declare_modules!{}
[INFO] [stdout]      |     ---------------------- in this macro invocation
[INFO] [stdout] help: ...and then using that local here
[INFO] [stdout]     --> /opt/rustwide/cargo-home/registry/src/index.crates.io-6f17d22bba15001f/vek-0.9.7/src/mat.rs:1899:17
[INFO] [stdout]      |
[INFO] [stdout] 1899 |                 rows[3][2] += rows[2].dot(t);
[INFO] [stdout]      |                 ^^^^^^^^^^^^^^^^^^^^^^^^^^^^
[INFO] [stdout] ...
[INFO] [stdout] 3974 |     mat_declare_modules!{}
[INFO] [stdout]      |     ---------------------- in this macro invocation
[INFO] [stdout]      = note: this error originates in the macro `mat_impl_mat4` which comes from the expansion of the macro `mat_declare_modules` (in Nightly builds, run with -Z macro-backtrace for more info)
[INFO] [stdout] 
[INFO] [stdout] 
[INFO] [stdout] error[E0502]: cannot borrow `rows` as immutable because it is also borrowed as mutable
[INFO] [stdout]     --> /opt/rustwide/cargo-home/registry/src/index.crates.io-6f17d22bba15001f/vek-0.9.7/src/mat.rs:1900:31
[INFO] [stdout]      |
[INFO] [stdout] 1900 |                 rows[3][3] += rows[3].dot(t);
[INFO] [stdout]      |                 --------------^^^^----------
[INFO] [stdout]      |                 |             |
[INFO] [stdout]      |                 |             immutable borrow occurs here
[INFO] [stdout]      |                 mutable borrow occurs here
[INFO] [stdout]      |                 mutable borrow later used here
[INFO] [stdout] ...
[INFO] [stdout] 3974 |     mat_declare_modules!{}
[INFO] [stdout]      |     ---------------------- in this macro invocation
[INFO] [stdout]      |
[INFO] [stdout] help: try adding a local storing this...
[INFO] [stdout]     --> /opt/rustwide/cargo-home/registry/src/index.crates.io-6f17d22bba15001f/vek-0.9.7/src/mat.rs:1900:31
[INFO] [stdout]      |
[INFO] [stdout] 1900 |                 rows[3][3] += rows[3].dot(t);
[INFO] [stdout]      |                               ^^^^
[INFO] [stdout] ...
[INFO] [stdout] 3974 |     mat_declare_modules!{}
[INFO] [stdout]      |     ---------------------- in this macro invocation
[INFO] [stdout] help: ...and then using that local here
[INFO] [stdout]     --> /opt/rustwide/cargo-home/registry/src/index.crates.io-6f17d22bba15001f/vek-0.9.7/src/mat.rs:1900:17
[INFO] [stdout]      |
[INFO] [stdout] 1900 |                 rows[3][3] += rows[3].dot(t);
[INFO] [stdout]      |                 ^^^^^^^^^^^^^^^^^^^^^^^^^^^^
[INFO] [stdout] ...
[INFO] [stdout] 3974 |     mat_declare_modules!{}
[INFO] [stdout]      |     ---------------------- in this macro invocation
[INFO] [stdout]      = note: this error originates in the macro `mat_impl_mat4` which comes from the expansion of the macro `mat_declare_modules` (in Nightly builds, run with -Z macro-backtrace for more info)
[INFO] [stdout] 
[INFO] [stdout] 
[INFO] [stdout] error[E0502]: cannot borrow `rows` as immutable because it is also borrowed as mutable
[INFO] [stdout]     --> /opt/rustwide/cargo-home/registry/src/index.crates.io-6f17d22bba15001f/vek-0.9.7/src/mat.rs:1897:31
[INFO] [stdout]      |
[INFO] [stdout] 1897 |                 rows[3][0] += rows[0].dot(t);
[INFO] [stdout]      |                 --------------^^^^----------
[INFO] [stdout]      |                 |             |
[INFO] [stdout]      |                 |             immutable borrow occurs here
[INFO] [stdout]      |                 mutable borrow occurs here
[INFO] [stdout]      |                 mutable borrow later used here
[INFO] [stdout] ...
[INFO] [stdout] 3974 |     mat_declare_modules!{}
[INFO] [stdout]      |     ---------------------- in this macro invocation
[INFO] [stdout]      |
[INFO] [stdout] help: try adding a local storing this...
[INFO] [stdout]     --> /opt/rustwide/cargo-home/registry/src/index.crates.io-6f17d22bba15001f/vek-0.9.7/src/mat.rs:1897:31
[INFO] [stdout]      |
[INFO] [stdout] 1897 |                 rows[3][0] += rows[0].dot(t);
[INFO] [stdout]      |                               ^^^^
[INFO] [stdout] ...
[INFO] [stdout] 3974 |     mat_declare_modules!{}
[INFO] [stdout]      |     ---------------------- in this macro invocation
[INFO] [stdout] help: ...and then using that local here
[INFO] [stdout]     --> /opt/rustwide/cargo-home/registry/src/index.crates.io-6f17d22bba15001f/vek-0.9.7/src/mat.rs:1897:17
[INFO] [stdout]      |
[INFO] [stdout] 1897 |                 rows[3][0] += rows[0].dot(t);
[INFO] [stdout]      |                 ^^^^^^^^^^^^^^^^^^^^^^^^^^^^
[INFO] [stdout] ...
[INFO] [stdout] 3974 |     mat_declare_modules!{}
[INFO] [stdout]      |     ---------------------- in this macro invocation
[INFO] [stdout]      = note: this error originates in the macro `mat_impl_mat4` which comes from the expansion of the macro `mat_declare_modules` (in Nightly builds, run with -Z macro-backtrace for more info)
[INFO] [stdout] 
[INFO] [stdout] 
[INFO] [stdout] error[E0502]: cannot borrow `rows` as immutable because it is also borrowed as mutable
[INFO] [stdout]     --> /opt/rustwide/cargo-home/registry/src/index.crates.io-6f17d22bba15001f/vek-0.9.7/src/mat.rs:1898:31
[INFO] [stdout]      |
[INFO] [stdout] 1898 |                 rows[3][1] += rows[1].dot(t);
[INFO] [stdout]      |                 --------------^^^^----------
[INFO] [stdout]      |                 |             |
[INFO] [stdout]      |                 |             immutable borrow occurs here
[INFO] [stdout]      |                 mutable borrow occurs here
[INFO] [stdout]      |                 mutable borrow later used here
[INFO] [stdout] ...
[INFO] [stdout] 3974 |     mat_declare_modules!{}
[INFO] [stdout]      |     ---------------------- in this macro invocation
[INFO] [stdout]      |
[INFO] [stdout] help: try adding a local storing this...
[INFO] [stdout]     --> /opt/rustwide/cargo-home/registry/src/index.crates.io-6f17d22bba15001f/vek-0.9.7/src/mat.rs:1898:31
[INFO] [stdout]      |
[INFO] [stdout] 1898 |                 rows[3][1] += rows[1].dot(t);
[INFO] [stdout]      |                               ^^^^
[INFO] [stdout] ...
[INFO] [stdout] 3974 |     mat_declare_modules!{}
[INFO] [stdout]      |     ---------------------- in this macro invocation
[INFO] [stdout] help: ...and then using that local here
[INFO] [stdout]     --> /opt/rustwide/cargo-home/registry/src/index.crates.io-6f17d22bba15001f/vek-0.9.7/src/mat.rs:1898:17
[INFO] [stdout]      |
[INFO] [stdout] 1898 |                 rows[3][1] += rows[1].dot(t);
[INFO] [stdout]      |                 ^^^^^^^^^^^^^^^^^^^^^^^^^^^^
[INFO] [stdout] ...
[INFO] [stdout] 3974 |     mat_declare_modules!{}
[INFO] [stdout]      |     ---------------------- in this macro invocation
[INFO] [stdout]      = note: this error originates in the macro `mat_impl_mat4` which comes from the expansion of the macro `mat_declare_modules` (in Nightly builds, run with -Z macro-backtrace for more info)
[INFO] [stdout] 
[INFO] [stdout] 
[INFO] [stdout] error[E0502]: cannot borrow `rows` as immutable because it is also borrowed as mutable
[INFO] [stdout]     --> /opt/rustwide/cargo-home/registry/src/index.crates.io-6f17d22bba15001f/vek-0.9.7/src/mat.rs:1899:31
[INFO] [stdout]      |
[INFO] [stdout] 1899 |                 rows[3][2] += rows[2].dot(t);
[INFO] [stdout]      |                 --------------^^^^----------
[INFO] [stdout]      |                 |             |
[INFO] [stdout]      |                 |             immutable borrow occurs here
[INFO] [stdout]      |                 mutable borrow occurs here
[INFO] [stdout]      |                 mutable borrow later used here
[INFO] [stdout] ...
[INFO] [stdout] 3974 |     mat_declare_modules!{}
[INFO] [stdout]      |     ---------------------- in this macro invocation
[INFO] [stdout]      |
[INFO] [stdout] help: try adding a local storing this...
[INFO] [stdout]     --> /opt/rustwide/cargo-home/registry/src/index.crates.io-6f17d22bba15001f/vek-0.9.7/src/mat.rs:1899:31
[INFO] [stdout]      |
[INFO] [stdout] 1899 |                 rows[3][2] += rows[2].dot(t);
[INFO] [stdout]      |                               ^^^^
[INFO] [stdout] ...
[INFO] [stdout] 3974 |     mat_declare_modules!{}
[INFO] [stdout]      |     ---------------------- in this macro invocation
[INFO] [stdout] help: ...and then using that local here
[INFO] [stdout]     --> /opt/rustwide/cargo-home/registry/src/index.crates.io-6f17d22bba15001f/vek-0.9.7/src/mat.rs:1899:17
[INFO] [stdout]      |
[INFO] [stdout] 1899 |                 rows[3][2] += rows[2].dot(t);
[INFO] [stdout]      |                 ^^^^^^^^^^^^^^^^^^^^^^^^^^^^
[INFO] [stdout] ...
[INFO] [stdout] 3974 |     mat_declare_modules!{}
[INFO] [stdout]      |     ---------------------- in this macro invocation
[INFO] [stdout]      = note: this error originates in the macro `mat_impl_mat4` which comes from the expansion of the macro `mat_declare_modules` (in Nightly builds, run with -Z macro-backtrace for more info)
[INFO] [stdout] 
[INFO] [stdout] 
[INFO] [stdout] error[E0502]: cannot borrow `rows` as immutable because it is also borrowed as mutable
[INFO] [stdout]     --> /opt/rustwide/cargo-home/registry/src/index.crates.io-6f17d22bba15001f/vek-0.9.7/src/mat.rs:1900:31
[INFO] [stdout]      |
[INFO] [stdout] 1900 |                 rows[3][3] += rows[3].dot(t);
[INFO] [stdout]      |                 --------------^^^^----------
[INFO] [stdout]      |                 |             |
[INFO] [stdout]      |                 |             immutable borrow occurs here
[INFO] [stdout]      |                 mutable borrow occurs here
[INFO] [stdout]      |                 mutable borrow later used here
[INFO] [stdout] ...
[INFO] [stdout] 3974 |     mat_declare_modules!{}
[INFO] [stdout]      |     ---------------------- in this macro invocation
[INFO] [stdout]      |
[INFO] [stdout] help: try adding a local storing this...
[INFO] [stdout]     --> /opt/rustwide/cargo-home/registry/src/index.crates.io-6f17d22bba15001f/vek-0.9.7/src/mat.rs:1900:31
[INFO] [stdout]      |
[INFO] [stdout] 1900 |                 rows[3][3] += rows[3].dot(t);
[INFO] [stdout]      |                               ^^^^
[INFO] [stdout] ...
[INFO] [stdout] 3974 |     mat_declare_modules!{}
[INFO] [stdout]      |     ---------------------- in this macro invocation
[INFO] [stdout] help: ...and then using that local here
[INFO] [stdout]     --> /opt/rustwide/cargo-home/registry/src/index.crates.io-6f17d22bba15001f/vek-0.9.7/src/mat.rs:1900:17
[INFO] [stdout]      |
[INFO] [stdout] 1900 |                 rows[3][3] += rows[3].dot(t);
[INFO] [stdout]      |                 ^^^^^^^^^^^^^^^^^^^^^^^^^^^^
[INFO] [stdout] ...
[INFO] [stdout] 3974 |     mat_declare_modules!{}
[INFO] [stdout]      |     ---------------------- in this macro invocation
[INFO] [stdout]      = note: this error originates in the macro `mat_impl_mat4` which comes from the expansion of the macro `mat_declare_modules` (in Nightly builds, run with -Z macro-backtrace for more info)
[INFO] [stdout] 
[INFO] [stdout] 
[INFO] [stdout] error: aborting due to 16 previous errors
[INFO] [stdout] 
[INFO] [stdout] 
[INFO] [stdout] For more information about this error, try `rustc --explain E0502`.
[INFO] [stdout] 
[INFO] [stderr] error: could not compile `vek` (lib) due to 17 previous errors
[INFO] running `Command { std: "docker" "inspect" "fb8bcc5ce887fe363257c08cc8c9b4bdccb5093dcc0ecaadd2777634f1d6a8a2", kill_on_drop: false }`
[INFO] running `Command { std: "docker" "rm" "-f" "fb8bcc5ce887fe363257c08cc8c9b4bdccb5093dcc0ecaadd2777634f1d6a8a2", kill_on_drop: false }`
[INFO] [stdout] fb8bcc5ce887fe363257c08cc8c9b4bdccb5093dcc0ecaadd2777634f1d6a8a2
